{"id":253,"date":"2023-11-08T13:03:01","date_gmt":"2023-11-08T13:03:01","guid":{"rendered":"https:\/\/practical-heyrovsky.82-223-114-48.plesk.page\/?page_id=253"},"modified":"2024-01-04T13:03:38","modified_gmt":"2024-01-04T13:03:38","slug":"integracion-de-sistemas-de-control-de-iluminacion","status":"publish","type":"page","link":"https:\/\/techforlight.com\/index.php\/integracion-de-sistemas-de-control-de-iluminacion\/","title":{"rendered":"Integraci\u00f3n de Sistemas de Control de Iluminaci\u00f3n"},"content":{"rendered":"\n<p>Contamos con una amplia experiencia en la integraci\u00f3n y configuraci\u00f3n de dispositivos de diversos fabricantes y protocolos como DALI, CASAMBI, DMX, KNX y otros m\u00e1s. Nuestra formaci\u00f3n continua nos permite ofrecer soluciones flexibles y adaptadas a las necesidades espec\u00edficas de cada cliente.<\/p>\n\n\n\n<p>Adem\u00e1s, gracias a nuestro departamento especializado en inform\u00e1tica y programaci\u00f3n, no solo llevamos a cabo la integraci\u00f3n de tecnolog\u00edas diversas, sino que tambi\u00e9n desarrollamos soluciones innovadoras como LUMO. Nuestra plataforma de Gesti\u00f3n, Monitorizaci\u00f3n y Control de la iluminaci\u00f3n, la cual es el resultado de nuestra constante b\u00fasqueda por ofrecer soluciones avanzadas. LUMO, dota a la instalaci\u00f3n de una interfaz gr\u00e1fica totalmente personalizable desde la cual, podr\u00e1s configurar de manera sencilla usuarios, calendarios, escenas y distintas zonas de actuaci\u00f3n, permiti\u00e9ndote interactuar de forma intuitiva y efectiva con toda la instalaci\u00f3n luminosa.<\/p>\n\n\n\n<p>Esta interfaz personalizada ofrece un control completo y flexible, brindando a los usuarios la capacidad de adaptar la iluminaci\u00f3n seg\u00fan sus necesidades espec\u00edficas, asegurando as\u00ed una experiencia de gesti\u00f3n y control \u00f3ptima. No dudes en contactarnos para conocer m\u00e1s sobre c\u00f3mo LUMO puede transformar y simplificar la gesti\u00f3n de tu instalaci\u00f3n de iluminaci\u00f3n.<\/p>\n\n\n\n<p>Cont\u00e1ctanos para ofrecerte soluciones personalizadas y eficientes.<\/p>\n","protected":false},"excerpt":{"rendered":"<p>Contamos con una amplia experiencia en la integraci\u00f3n y configuraci\u00f3n de dispositivos de diversos fabricantes y protocolos como DALI, CASAMBI, DMX, KNX y otros m\u00e1s. Nuestra formaci\u00f3n continua nos permite ofrecer soluciones flexibles y adaptadas a las necesidades espec\u00edficas de cada cliente. Adem\u00e1s, gracias a nuestro departamento especializado en inform\u00e1tica y programaci\u00f3n, no solo llevamos&hellip;<\/p>\n","protected":false},"author":2,"featured_media":0,"parent":0,"menu_order":0,"comment_status":"closed","ping_status":"closed","template":"","meta":{"footnotes":""},"_links":{"self":[{"href":"https:\/\/techforlight.com\/index.php\/wp-json\/wp\/v2\/pages\/253"}],"collection":[{"href":"https:\/\/techforlight.com\/index.php\/wp-json\/wp\/v2\/pages"}],"about":[{"href":"https:\/\/techforlight.com\/index.php\/wp-json\/wp\/v2\/types\/page"}],"author":[{"embeddable":true,"href":"https:\/\/techforlight.com\/index.php\/wp-json\/wp\/v2\/users\/2"}],"replies":[{"embeddable":true,"href":"https:\/\/techforlight.com\/index.php\/wp-json\/wp\/v2\/comments?post=253"}],"version-history":[{"count":3,"href":"https:\/\/techforlight.com\/index.php\/wp-json\/wp\/v2\/pages\/253\/revisions"}],"predecessor-version":[{"id":455,"href":"https:\/\/techforlight.com\/index.php\/wp-json\/wp\/v2\/pages\/253\/revisions\/455"}],"wp:attachment":[{"href":"https:\/\/techforlight.com\/index.php\/wp-json\/wp\/v2\/media?parent=253"}],"curies":[{"name":"wp","href":"https:\/\/api.w.org\/{rel}","templated":true}]}}